5452
In base 3, what is -2201212211 - 2110?
-2201222021
In base 5, what is 32 - -244300?
244332
In base 12, what is -7634 - 0?
-7634
In base 12, what is -553 - 43?
-596
In base 7, what is -44 - 64041?
-64115
In base 9, what is -160 - -14?
-145
In base 8, what is -4 - 22405?
-22411
In base 10, what is -37781 + -2?
-37783
In base 15, what is -19 - 4e3d3?
-4e3ec
In base 14, what is -1 - 2097?
-2098
In base 4, what is -11222020 - 2?
-11222022
In base 8, what is 247755 + -5?
247750
In base 11, what is -34a2 - 8?
-34aa
In base 2, what is 11011010101 + -111111010?
10011011011
In base 5, what is -12322014 + 2?
-12322012
In base 11, what is 0 + 199a5?
199a5
In base 13, what is -81 - 32a?
-3ab
In base 8, what is -2 + -2441201?
-2441203
In base 4, what is -1 - -10120032?
10120031
In base 12, what is -2 - -94a09?
94a07
In base 13, what is -4641a - -2?
-46418
In base 13, what is b696 + 3?
b699
In base 14, what is 451b4 + 4?
451b8
In base 4, what is 103 - -131310003?
131310112
In base 4, what is 202222332 - 10?
202222322
In base 15, what is 1678 + -28?
1650
In base 4, what is -11 + -210222?
-210233
In base 6, what is 205 - -1252154?
1252403
In base 13, what is -1 + -16c15?
-16c16
In base 7, what is -1 - -1020265?
1020264
In base 13, what is -39b01 + 7?
-39ac7
In base 10, what is -1 + 47121?
47120
In base 13, what is 5 + -771b?
-7716
In base 12, what is a07314 + -3?
a07311
In base 9, what is 217805 - -3?
217808
In base 9, what is 752 - 14?
737
In base 5, what is 3120302 + 1?
3120303
In base 5, what is 243231343 - 3?
243231340
In base 12, what is 59 - b7?
-5a
In base 2, what is -1010 + 10011110100010?
10011110011000
In base 14, what is d7 - -4?
db
In base 14, what is a30 + -2?
a2c
In base 14, what is -2 - 171b8?
-171ba
In base 14, what is 8c9c - 19?
8c83
In base 9, what is 14 - -2000?
2014
In base 8, what is -13 + -7641?
-7654
In base 8, what is 5 + -1071066?
-1071061
In base 14, what is -4 + -7666?
-766a
In base 13, what is -3 - -5a19?
5a16
In base 9, what is -7 + -6868?
-6876
In base 12, what is 3 - -3a38?
3a3b
In base 11, what is 8 - -2513?
2520
In base 10, what is -3 - 50045?
-50048
In base 14, what is 505 - -10?
515
In base 11, what is -178 + -310a?
-3287
In base 8, what is 14420 - -7?
14427
In base 5, what is -22100 - -3300?
-13300
In base 2, what is -1000 + 1000101101101?
1000101100101
In base 4, what is -30 + -1033021?
-1033111
In base 6, what is 1 - 5213415?
-5213414
In base 16, what is 2f7d4d - -1?
2f7d4e
In base 14, what is -2cd - -343?
54
In base 5, what is 3041 - -2003?
10044
In base 14, what is -576c - 4?
-5772
In base 14, what is 464 - 27?
43b
In base 3, what is 10 - -2101022?
2101102
In base 10, what is 2183 - -36?
2219
In base 7, what is 411 - 1116?
-405
In base 10, what is 10350 + -13?
10337
In base 14, what is 6ab - -3c?
709
In base 4, what is -30321 - 22232?
-113213
In base 10, what is 4 + -27775?
-27771
In base 4, what is 112202 + 31113?
203321
In base 7, what is 355 - 56?
266
In base 11, what is -69a5 + 41?
-6964
In base 15, what is 618 - -3c?
655
In base 2, what is 1111 + 10101101011101000?
10101101011110111
In base 2, what is 10101111111011001 + 111?
10101111111100000
In base 7, what is 303 - -136?
442
In base 8, what is 3221333 - 1?
3221332
In base 11, what is a33 - 253?
790
In base 10, what is -9299 + 1?
-9298
In base 9, what is -34 - 104543?
-104577
In base 13, what is 18b3a + -3?
18b37
In base 5, what is -131221 + -100?
-131321
In base 7, what is 104446 - -54?
104533
In base 4, what is -1303210130 - 3?
-1303210133
In base 14, what is -a7 + -1dd?
-2a6
In base 13, what is -a7 - 2cb?
-3a5
In base 7, what is 50 - -11236?
11316
In base 3, what is -1211 + 1211020?
1202102
In base 3, what is 110 - 112112?
-112002
In base 16, what is 755b - 9?
7552
In base 7, what is 3 + 1016242?
1016245
In base 14, what is 0 - 866a?
-866a
In base 4, what is 320011 - 3?
320002
In base 2, what is -10100111101101111100 + 1?
-10100111101101111011
In base 9, what is -22 - -40572?
40550
In base 3, what is 2002 - 2012001002?
-2011222000
In base 8, what is 3 - -575354?
575357
In base 2, what is -110010001110010010011 + -10?
-110010001110010010101
In base 11, what is 7626 + 82?
76a8
In base 4, what is 3 - -113002111?
113002120
In base 3, what is 2 - 100201211?
-100201202
In base 11, what is 1 + 9712?
9713
In base 4, what is 10131322023 + -3?
10131322020
In base 3, what is 2101 + 101021222?
101101100
In base 3, what is 1010 + 1000012211?
1000020221
In base 13, what is -81c + -2c?
-84b
In base 14, what is -6 + -525b?
-5263
In base 16, what is -11 + 413?
402
In base 5, what is 301342314 - -4?
301342323
In base 6, what is 5 - -4303305?
4303314
In base 16, what is -9 + -2b16?
-2b1f
In base 11, what is 3 - -112157?
11215a
In base 6, what is -4532553 - -21?
-4532532
In base 9, what is 4 + -46738?
-46734
In base 6, what is 54 - -14353?
14451
In base 13, what is -3a + 610?
5a3
In base 2, what is -101010111010100 + -10000?
-101010111100100
In base 5, what is -13112 + -21?
-13133
In base 3, what is 12 - 12222220?
-12222201
In base 9, what is -2 - -20034?
20032
In base 2, what is 100010111 - -1110000111?
10010011110
In base 11, what is -11 - 68333?
-68344
In base 7, what is 11615011 + -5?
11615003
In base 9, what is -37353 - 4?
-37357
In base 7, what is 4652 - 53?
4566
In base 6, what is 0 + -120401?
-120401
In base 13, what is -15 - 11731?
-11746
In base 8, what is 5403 - -453?
6056
In base 6, what is 2 - 12111333?
-12111331
In base 15, what is 5db1e + 0?
5db1e
In base 3, what is 1012001220 - 12?
1012001201
In base 4, what is 33332 - -213?
100211
In base 14, what is 51 - -1332?
1383
In base 3, what is -12020010 - -210?
-12012100
In base 14, what is 2d6 - 567?
-271
In base 6, what is -200045 + 110?
-155535
In base 5, what is -24 - -331212?
331133
In base 14, what is -4 - -169a8?
169a4
In base 14, what is 1a7 + a41?
c08
In base 4, what is -10 - -101112121?
101112111
In base 9, what is -836863 + 0?
-836863
In base 13, what is 2 - -43466?
43468
In base 7, what is 400622 - 0?
400622
In base 13, what is 4 + -1b91?
-1b8a
In base 13, what is -3239 + -5?
-3241
In base 10, what is -37 - -430?
393
In base 5, what is -4 + 2003423?
2003414
In base 2, what is 101110 - -111110000010?
111110110000
In base 16, what is -21 + -3741?
-3762
In base 16, what is 13076 - -19?
1308f
In base 6, what is -1 + -503?
-504
In base 7, what is 5 - -1252?
1260
In base 3, what is -2010222220 - 111?
-2011000101
In base 4, what is 13 - -101002000?
101002013
In base 10, what is 20440 - 2?
20438
In base 7, what is -4204514 + 0?
-4204514
In base 8, what is -5737 - -66?
-5651
In base 3, what is -20212222022 + 10?
-20212222012
In base 5, what is -40330020 - 2?
-40330022
In base 5, what is -104414322 + -1?
-104414323
In base 7, what is 3421 + -663?
2425
In base 8, what is -61742 - 41?
-62003
In base 13, what is 3 - -2185?
2188
In base 10, what is 91 - 2?
89
In base 7, what is -242 + 36?
-203
In base 11, what is 280 + 35?
305
In base 8, what is -12206 - -531?
-11455
In base 2, what is -100 - 10000111011011000011?
-10000111011011000111
In base 15, what is -1c3b14 + -5?
-1c3b19
In base 12, what is -1319 + 16?
-1303
In base 4, what is -2 - 2101131?
-2101133
In base 6, what is 5 + 1001454?
1001503
In base 7, what is -5 - 3041102?
-3041110
In base 4, what is 120 - -20103?
20223
In base 6, what is 104 + -3001340?
-3001232
In base 2, what is -1100010011001 + -11?
-1100010011100
In base 5, what is 13203 + -21243?
-3040
In base 3, what is -10201 + 102202002?
102121101
In base 9, what is 1 - 235473?
-235472
In base 6, what is -4 + 20412230?
20412222
In base 11, what is 276413 - -2?
276415
In base 15, what is -173304 + -1?
-173305
In base 3, what is 101100 + 2120022?
2221122
In base 12, what is -3931 + 3?
-392a
In base 6, what is 5 - -1041224?
1041233
In base 13, what is 84 - -27b?
332
In base 4, what is 1000 + 11002013?
11003013
In base 16, what is e8 + a4?
18c
In base 11, what is -69a - 14?
-703
In base 10, what is -8 + 101422?
101414
In base 8, what is -1630747 - 5?
-1630754
In base 8, what is 1 - -7520317?
7520320
In base 8, what is 234 - 54?
160
In base 6, what is -345040 - -5?
-345031
In base 13, what is 4624 - -2?
4626
In base 12, what is 0 + 11006?
11006
In base 16, what is -4 + 773?
76f
In base 16, what is 11 - -65